{"id":29,"date":"2018-07-09T14:07:16","date_gmt":"2018-07-09T12:07:16","guid":{"rendered":"https:\/\/www.sc-bernstein.de\/?page_id=29"},"modified":"2025-11-06T10:45:04","modified_gmt":"2025-11-06T09:45:04","slug":"impressum","status":"publish","type":"page","link":"https:\/\/www.sc-bernstein.de\/?page_id=29","title":{"rendered":"Impressum"},"content":{"rendered":"<p>Die Homepage des Sport Club Bernstein e.V. ist offiziell seit dem 01.08.2018 online.<br \/>\nDie Domain, sowie Webauftritt und Mail-Server werden durch den Sport Club Bernstein e.V. selbstst\u00e4ndig betreut.<br \/>\nF\u00fcr den Inhalt der Homepage, ist der Sport Club Bernstein e.V. selbst verantwortlich.<\/p>\n<p><strong>Der Nutzung von im Rahmen der Impressumspflicht ver\u00f6ffentlichten Kontaktdaten durch Dritte zur \u00dcbersendung von nicht ausdr\u00fccklich angeforderter Werbung und Informationsmaterialien wird hiermit ausdr\u00fccklich widersprochen. Die Betreiber der Seiten behalten sich ausdr\u00fccklich rechtliche Schritte im Falle der unverlangten Zusendung von Werbeinformationen, etwa durch Spam-Mails, vor.<\/strong><\/p>\n<hr \/>\n<p><strong>Sport Club Bernstein e.V. <\/strong><br \/>\nVereinssitz:<br \/>\nSport Club Bernstein e.V.<br \/>\nWilly-Brandt-Stra\u00dfe 45<br \/>\n69207 Sandhausen<br \/>\nE-mail: kontakt[at]sc-bernstein.de<\/p>\n<p><strong>Diensteanbieter i.S.v. 10 Abs.1 MeDStV: <\/strong><br \/>\nSport Club Bernstein e.V.<br \/>\nvertr. durch 1. Vorsitzenden Jonas Schumacher<br \/>\nE-mail: vorstand[at]sc-bernstein.de<br \/>\nWilly-Brandt-Stra\u00dfe 45<br \/>\n69207 Sandhausen<\/p>\n<p><strong>Verantwortlich nach 10 Abs.3 MeDStV: <\/strong><br \/>\n1. Vorsitzender Jonas Schumacher<br \/>\nSport Club Bernstein e.V.<br \/>\nWilly-Brandt-Stra\u00dfe 45<br \/>\n69207 Sandhausen<\/p>\n<hr \/>\n<p><strong>1. Vorsitzender<\/strong><br \/>\nJonas Schumacher<br \/>\njonas.schumacher[at]sc-bernstein.de<\/p>\n<p><strong>2. Vorsitzender<\/strong><br \/>\nAlexander Krejci<br \/>\nalexander.krejci[at]sc-bernstein.de<\/p>\n<hr \/>\n<p><strong>Webmaster<\/strong><br \/>\nMarc Zinser<br \/>\nadmin[at]sc-bernstein.de<\/p>\n<p><em>\u00dcber Verbesserungsvorschl\u00e4ge, Kritik, Fehlermeldungen (fehlerhafte Links, Rechtschreibfehler, inhaltliche Fehler) freuen wir uns jederzeit. Bitte per Mail an admin[at]sc-bernstein.de <\/em><\/p>\n<hr \/>\n<p>\n<div class=\"sp-wrap sp-wrap-default\">\n<div class=\"sp-head\" title=\"Erweitern\">\nDatenschutz\n<\/div>\n<div class=\"sp-body folded\">\n<p>Unsere Hinweise zum Datenschutz, finden Sie <a href=\"https:\/\/www.sc-bernstein.de\/?page_id=30\/\">hier<\/a><\/p>\n<div class=\"spdiv\">[Einklappen]<\/div>\n<\/div>\n<\/div>\n<br \/>\n\n<div class=\"sp-wrap sp-wrap-default\">\n<div class=\"sp-head\" title=\"Erweitern\">\nHinweise zum Web-Auftritt\n<\/div>\n<div class=\"sp-body folded\">\n<p>Homepage betrieben mit WordPress<br \/>\nTheme: Hestia by Themeisle<\/p>\n<div class=\"spdiv\">[Einklappen]<\/div>\n<\/div>\n<\/div>\n<\/p>\n","protected":false},"excerpt":{"rendered":"<p>Die Homepage des Sport Club Bernstein e.V. ist offiziell seit dem 01.08.2018 online. Die Domain, sowie Webauftritt und Mail-Server werden durch den Sport Club Bernstein e.V. selbstst\u00e4ndig betreut. F\u00fcr den Inhalt der Homepage, ist der Sport Club Bernstein e.V. selbst verantwortlich. Der Nutzung von im Rahmen der Impressumspflicht ver\u00f6ffentlichten Kontaktdaten [&hellip;]<\/p>\n","protected":false},"author":1,"featured_media":39,"parent":0,"menu_order":0,"comment_status":"closed","ping_status":"closed","template":"","meta":{"footnotes":""},"class_list":["post-29","page","type-page","status-publish","has-post-thumbnail","hentry"],"_links":{"self":[{"href":"https:\/\/www.sc-bernstein.de\/index.php?rest_route=\/wp\/v2\/pages\/29","targetHints":{"allow":["GET"]}}],"collection":[{"href":"https:\/\/www.sc-bernstein.de\/index.php?rest_route=\/wp\/v2\/pages"}],"about":[{"href":"https:\/\/www.sc-bernstein.de\/index.php?rest_route=\/wp\/v2\/types\/page"}],"author":[{"embeddable":true,"href":"https:\/\/www.sc-bernstein.de\/index.php?rest_route=\/wp\/v2\/users\/1"}],"replies":[{"embeddable":true,"href":"https:\/\/www.sc-bernstein.de\/index.php?rest_route=%2Fwp%2Fv2%2Fcomments&post=29"}],"version-history":[{"count":13,"href":"https:\/\/www.sc-bernstein.de\/index.php?rest_route=\/wp\/v2\/pages\/29\/revisions"}],"predecessor-version":[{"id":766,"href":"https:\/\/www.sc-bernstein.de\/index.php?rest_route=\/wp\/v2\/pages\/29\/revisions\/766"}],"wp:featuredmedia":[{"embeddable":true,"href":"https:\/\/www.sc-bernstein.de\/index.php?rest_route=\/wp\/v2\/media\/39"}],"wp:attachment":[{"href":"https:\/\/www.sc-bernstein.de\/index.php?rest_route=%2Fwp%2Fv2%2Fmedia&parent=29"}],"curies":[{"name":"wp","href":"https:\/\/api.w.org\/{rel}","templated":true}]}}